{"id":1326,"date":"2024-09-24T10:26:06","date_gmt":"2024-09-24T10:26:06","guid":{"rendered":"https:\/\/modinatheme.com\/visaland\/?page_id=1326"},"modified":"2025-10-18T15:39:39","modified_gmt":"2025-10-18T13:39:39","slug":"contact","status":"publish","type":"page","link":"https:\/\/studentmalagueta.com\/index.php\/contact\/","title":{"rendered":"Contact"},"content":{"rendered":"\t\t<div data-elementor-type=\"wp-page\" data-elementor-id=\"1326\" class=\"elementor elementor-1326\">\n\t\t\t\t<div class=\"elementor-element elementor-element-63904e4 e-flex e-con-boxed e-con e-parent\" data-id=\"63904e4\" data-element_type=\"container\" data-settings=\"{&quot;background_background&quot;:&quot;classic&quot;}\">\n\t\t\t\t\t<div class=\"e-con-inner\">\n\t\t<div class=\"elementor-element elementor-element-f3ada9c e-con-full e-flex e-con e-child\" data-id=\"f3ada9c\" data-element_type=\"container\">\n\t\t\t\t<div class=\"elementor-element elementor-element-3388234 elementor-widget elementor-widget-visaland-heading-title-widget\" data-id=\"3388234\" data-element_type=\"widget\" data-widget_type=\"visaland-heading-title-widget.default\">\n\t\t\t\t<div class=\"elementor-widget-container\">\n\t\t\t\t\t\r\n\t\r\n\r\n\t<div class=\"section-title\">\r\n\t\t<span class=\"wow fadeInUp\">Rester en contact<\/span>\r\n\t\t<h2 class=\"title-anim\">\r\n\t\t\tContactez-nous\t\t<\/h2>\r\n\t<\/div>\r\n\r\n\t\r\n             \r\n\t\t\t\t\t\t<\/div>\n\t\t\t\t<\/div>\n\t\t\t\t<div class=\"elementor-element elementor-element-1d5337b elementor-widget elementor-widget-text-editor\" data-id=\"1d5337b\" data-element_type=\"widget\" data-widget_type=\"text-editor.default\">\n\t\t\t\t\t\t\t\t\t<p>STUDENT MALAGUETA est une soci\u00e9t\u00e9 marocaine au statut juridique S.A.R.L situ\u00e9e \u00e0 Safi, Maroc<\/p>\t\t\t\t\t\t\t\t<\/div>\n\t\t\t\t<div class=\"elementor-element elementor-element-91f3d17 elementor-position-left elementor-mobile-position-left elementor-view-default elementor-widget elementor-widget-icon-box\" data-id=\"91f3d17\" data-element_type=\"widget\" data-widget_type=\"icon-box.default\">\n\t\t\t\t\t\t\t<div class=\"elementor-icon-box-wrapper\">\n\n\t\t\t\t\t\t<div class=\"elementor-icon-box-icon\">\n\t\t\t\t<a href=\"tel:+23645689622\" class=\"elementor-icon\" tabindex=\"-1\" aria-label=\"Appel \u00e0 enqu\u00eate\">\n\t\t\t\t<i aria-hidden=\"true\" class=\" flaticon-phone-call\"><\/i>\t\t\t\t<\/a>\n\t\t\t<\/div>\n\t\t\t\n\t\t\t\t\t\t<div class=\"elementor-icon-box-content\">\n\n\t\t\t\t\t\t\t\t\t<h3 class=\"elementor-icon-box-title\">\n\t\t\t\t\t\t<a href=\"tel:+23645689622\" >\n\t\t\t\t\t\t\tAppel \u00e0 enqu\u00eate\t\t\t\t\t\t<\/a>\n\t\t\t\t\t<\/h3>\n\t\t\t\t\n\t\t\t\t\t\t\t\t\t<p class=\"elementor-icon-box-description\">\n\t\t\t\t\t\t+212 605-108782\t\t\t\t\t<\/p>\n\t\t\t\t\n\t\t\t<\/div>\n\t\t\t\n\t\t<\/div>\n\t\t\t\t\t\t<\/div>\n\t\t\t\t<div class=\"elementor-element elementor-element-3497f97 elementor-position-left elementor-mobile-position-left elementor-view-default elementor-widget elementor-widget-icon-box\" data-id=\"3497f97\" data-element_type=\"widget\" data-widget_type=\"icon-box.default\">\n\t\t\t\t\t\t\t<div class=\"elementor-icon-box-wrapper\">\n\n\t\t\t\t\t\t<div class=\"elementor-icon-box-icon\">\n\t\t\t\t<a href=\"mailto:info@example.com\" class=\"elementor-icon\" tabindex=\"-1\" aria-label=\"Envoyez-nous un e-mail\">\n\t\t\t\t<i aria-hidden=\"true\" class=\" flaticon-email\"><\/i>\t\t\t\t<\/a>\n\t\t\t<\/div>\n\t\t\t\n\t\t\t\t\t\t<div class=\"elementor-icon-box-content\">\n\n\t\t\t\t\t\t\t\t\t<h3 class=\"elementor-icon-box-title\">\n\t\t\t\t\t\t<a href=\"mailto:info@example.com\" >\n\t\t\t\t\t\t\tEnvoyez-nous un e-mail\t\t\t\t\t\t<\/a>\n\t\t\t\t\t<\/h3>\n\t\t\t\t\n\t\t\t\t\t\t\t\t\t<p class=\"elementor-icon-box-description\">\n\t\t\t\t\t\tcontact@studentmalagueta.com\t\t\t\t\t<\/p>\n\t\t\t\t\n\t\t\t<\/div>\n\t\t\t\n\t\t<\/div>\n\t\t\t\t\t\t<\/div>\n\t\t\t\t<div class=\"elementor-element elementor-element-daf962f elementor-position-left elementor-mobile-position-left elementor-view-default elementor-widget elementor-widget-icon-box\" data-id=\"daf962f\" data-element_type=\"widget\" data-widget_type=\"icon-box.default\">\n\t\t\t\t\t\t\t<div class=\"elementor-icon-box-wrapper\">\n\n\t\t\t\t\t\t<div class=\"elementor-icon-box-icon\">\n\t\t\t\t<a href=\"mailto:info@example.com\" class=\"elementor-icon\" tabindex=\"-1\" aria-label=\"Location\">\n\t\t\t\t<i aria-hidden=\"true\" class=\" flaticon-airplane-flight-in-circle-around-earth\"><\/i>\t\t\t\t<\/a>\n\t\t\t<\/div>\n\t\t\t\n\t\t\t\t\t\t<div class=\"elementor-icon-box-content\">\n\n\t\t\t\t\t\t\t\t\t<h3 class=\"elementor-icon-box-title\">\n\t\t\t\t\t\t<a href=\"mailto:info@example.com\" >\n\t\t\t\t\t\t\tLocation\t\t\t\t\t\t<\/a>\n\t\t\t\t\t<\/h3>\n\t\t\t\t\n\t\t\t\t\t\t\t\t\t<p class=\"elementor-icon-box-description\">\n\t\t\t\t\t\t\u00c9tage 3, N\u00b009, Immeuble Ouzzani \u2013 Ville Nouvelle, Safi, Maroc\t\t\t\t\t<\/p>\n\t\t\t\t\n\t\t\t<\/div>\n\t\t\t\n\t\t<\/div>\n\t\t\t\t\t\t<\/div>\n\t\t\t\t<div class=\"elementor-element elementor-element-c09f86b elementor-widget elementor-widget-image\" data-id=\"c09f86b\" data-element_type=\"widget\" data-widget_type=\"image.default\">\n\t\t\t\t\t\t\t\t\t\t\t\t\t\t\t<img fetchpriority=\"high\" decoding=\"async\" width=\"550\" height=\"195\" src=\"https:\/\/studentmalagueta.com\/php_assets\/uploads\/2024\/09\/contact-1.jpg\" class=\"attachment-large size-large wp-image-1346\" alt=\"\" srcset=\"https:\/\/studentmalagueta.com\/php_assets\/uploads\/2024\/09\/contact-1.jpg 550w, https:\/\/studentmalagueta.com\/php_assets\/uploads\/2024\/09\/contact-1-300x106.jpg 300w\" sizes=\"(max-width: 550px) 100vw, 550px\" \/>\t\t\t\t\t\t\t\t\t\t\t\t\t\t\t<\/div>\n\t\t\t\t<\/div>\n\t\t<div class=\"elementor-element elementor-element-923162f e-con-full e-flex e-con e-child\" data-id=\"923162f\" data-element_type=\"container\">\n\t\t\t\t<div class=\"elementor-element elementor-element-bbbb8fe elementor-widget elementor-widget-visaland-contact-form-widget\" data-id=\"bbbb8fe\" data-element_type=\"widget\" data-widget_type=\"visaland-contact-form-widget.default\">\n\t\t\t\t<div class=\"elementor-widget-container\">\n\t\t\t\t\t\r\n\r\n\r\n\t\t<div class=\"contact-box\">\r\n\t\t\t<div class=\"contact-title\">\r\n\t\t\t\t<h3 class=\"wow fadeInUp\" data-wow-delay=\".3s\">Remplissez le formulaire<\/h3>\r\n\t\t\t\t<p class=\"wow fadeInUp\" data-wow-delay=\".5s\">Your email address will not be published. Required fields are marked *<\/p>\r\n\t\t\t<\/div>\r\n\t\t\t<div class=\"contact-form-items\">\r\n\t\t\t\t\n<div class=\"wpcf7 no-js\" id=\"wpcf7-f1340-o1\" lang=\"en-US\" dir=\"ltr\" data-wpcf7-id=\"1340\">\n<div class=\"screen-reader-response\"><p role=\"status\" aria-live=\"polite\" aria-atomic=\"true\"><\/p> <ul><\/ul><\/div>\n<form action=\"\/index.php\/wp-json\/wp\/v2\/pages\/1326#wpcf7-f1340-o1\" method=\"post\" class=\"wpcf7-form init\" aria-label=\"Contact form\" novalidate=\"novalidate\" data-status=\"init\">\n<fieldset class=\"hidden-fields-container\"><input type=\"hidden\" name=\"_wpcf7\" value=\"1340\" \/><input type=\"hidden\" name=\"_wpcf7_version\" value=\"6.1.2\" \/><input type=\"hidden\" name=\"_wpcf7_locale\" value=\"en_US\" \/><input type=\"hidden\" name=\"_wpcf7_unit_tag\" value=\"wpcf7-f1340-o1\" \/><input type=\"hidden\" name=\"_wpcf7_container_post\" value=\"0\" \/><input type=\"hidden\" name=\"_wpcf7_posted_data_hash\" value=\"\" \/>\n<\/fieldset>\n<div class=\"row g-3\">\n  <div class=\"col-lg-6 wow fadeInUp\" data-wow-delay=\".3s\">\n    <div class=\"form-clt\">\n      <span class=\"wpcf7-form-control-wrap\" data-name=\"your-name\"><input size=\"40\" maxlength=\"400\" class=\"wpcf7-form-control wpcf7-text wpcf7-validates-as-required\" aria-required=\"true\" aria-invalid=\"false\" placeholder=\"Votre nom*\" value=\"\" type=\"text\" name=\"your-name\" \/><\/span>\n      <div class=\"icon\"><i class=\"far fa-user\"><\/i><\/div>\n    <\/div>\n  <\/div>\n\n  <div class=\"col-lg-6 wow fadeInUp\" data-wow-delay=\".5s\">\n    <div class=\"form-clt\">\n      <span class=\"wpcf7-form-control-wrap\" data-name=\"your-email\"><input size=\"40\" maxlength=\"400\" class=\"wpcf7-form-control wpcf7-email wpcf7-validates-as-required wpcf7-text wpcf7-validates-as-email\" aria-required=\"true\" aria-invalid=\"false\" placeholder=\"Votre adresse e-mail*\" value=\"\" type=\"email\" name=\"your-email\" \/><\/span>\n      <div class=\"icon\"><i class=\"far fa-envelope\"><\/i><\/div>\n    <\/div>\n  <\/div>\n\n  <div class=\"col-lg-12 wow fadeInUp\" data-wow-delay=\".3s\">\n    <div class=\"form-clt\">\n      <span class=\"wpcf7-form-control-wrap\" data-name=\"your-subject\"><input size=\"40\" maxlength=\"400\" class=\"wpcf7-form-control wpcf7-text\" aria-invalid=\"false\" placeholder=\"Sujet\" value=\"\" type=\"text\" name=\"your-subject\" \/><\/span>\n    <\/div>\n  <\/div>\n\n  <div class=\"col-lg-12 wow fadeInUp\" data-wow-delay=\".5s\">\n    <div class=\"form-clt\">\n      <span class=\"wpcf7-form-control-wrap\" data-name=\"your-message\"><textarea cols=\"40\" rows=\"10\" maxlength=\"2000\" class=\"wpcf7-form-control wpcf7-textarea\" aria-invalid=\"false\" placeholder=\"\u00c9crivez votre message\" name=\"your-message\"><\/textarea><\/span>\n    <\/div>\n  <\/div>\n\n  <div class=\"col-lg-12 wow fadeInUp\" data-wow-delay=\".4s\">\n    <input class=\"wpcf7-form-control wpcf7-submit has-spinner theme-btn theme-btn-2\" type=\"submit\" value=\"Envoyer le message\" \/>\n  <\/div>\n<\/div><div class=\"wpcf7-response-output\" aria-hidden=\"true\"><\/div>\n<\/form>\n<\/div>\n\t\t\t<\/div>\r\n\t\t<\/div>\r\n\r\n\t\r\n\r\n             \r\n\t\t\t\t\t\t<\/div>\n\t\t\t\t<\/div>\n\t\t\t\t<\/div>\n\t\t\t\t\t<\/div>\n\t\t\t\t<\/div>\n\t\t<div class=\"elementor-element elementor-element-2f06aa5 e-con-full e-flex e-con e-parent\" data-id=\"2f06aa5\" data-element_type=\"container\">\n\t\t\t\t<div class=\"elementor-element elementor-element-aea5d54 elementor-widget elementor-widget-google_maps\" data-id=\"aea5d54\" data-element_type=\"widget\" data-widget_type=\"google_maps.default\">\n\t\t\t\t\t\t\t<div class=\"elementor-custom-embed\">\n\t\t\t<iframe loading=\"lazy\"\n\t\t\t\t\tsrc=\"https:\/\/maps.google.com\/maps?q=3%C3%A8me%20%C3%89tage%2C%20Appartement%2009%2C%20Immeuble%20Ouzzani%20Av.%20de%20la%20Liberte%2C%20Safi&#038;t=m&#038;z=10&#038;output=embed&#038;iwloc=near\"\n\t\t\t\t\ttitle=\"3\u00e8me \u00c9tage, Appartement 09, Immeuble Ouzzani Av. de la Liberte, Safi\"\n\t\t\t\t\taria-label=\"3\u00e8me \u00c9tage, Appartement 09, Immeuble Ouzzani Av. de la Liberte, Safi\"\n\t\t\t><\/iframe>\n\t\t<\/div>\n\t\t\t\t\t\t<\/div>\n\t\t\t\t<\/div>\n\t\t\t\t<\/div>\n\t\t","protected":false},"excerpt":{"rendered":"<p>Rester en contact Contactez-nous STUDENT MALAGUETA est une soci\u00e9t\u00e9 marocaine au statut juridique S.A.R.L situ\u00e9e \u00e0 Safi, Maroc Appel \u00e0 enqu\u00eate +212 605-108782 Envoyez-nous un e-mail contact@studentmalagueta.com Location \u00c9tage 3, N\u00b009, Immeuble Ouzzani \u2013 Ville Nouvelle, Safi, Maroc Remplissez le formulaire Your email address will not be published. Required fields are marked * Send Us<\/p>\n","protected":false},"author":1,"featured_media":0,"parent":0,"menu_order":0,"comment_status":"closed","ping_status":"closed","template":"elementor_header_footer","meta":{"inline_featured_image":false,"_monsterinsights_skip_tracking":false,"_monsterinsights_sitenote_active":false,"_monsterinsights_sitenote_note":"","_monsterinsights_sitenote_category":0,"footnotes":""},"class_list":["post-1326","page","type-page","status-publish","hentry"],"aioseo_notices":[],"yoast_head":"<!-- This site is optimized with the Yoast SEO plugin v26.1.1 - https:\/\/yoast.com\/wordpress\/plugins\/seo\/ -->\n<title>Contact - Student Malagueta<\/title>\n<meta name=\"robots\" content=\"index, follow, max-snippet:-1, max-image-preview:large, max-video-preview:-1\" \/>\n<link rel=\"canonical\" href=\"https:\/\/studentmalagueta.com\/index.php\/contact\/\" \/>\n<meta property=\"og:locale\" content=\"fr_FR\" \/>\n<meta property=\"og:type\" content=\"article\" \/>\n<meta property=\"og:title\" content=\"Contact - Student Malagueta\" \/>\n<meta property=\"og:description\" content=\"Rester en contact Contactez-nous STUDENT MALAGUETA est une soci\u00e9t\u00e9 marocaine au statut juridique S.A.R.L situ\u00e9e \u00e0 Safi, Maroc Appel \u00e0 enqu\u00eate +212 605-108782 Envoyez-nous un e-mail contact@studentmalagueta.com Location \u00c9tage 3, N\u00b009, Immeuble Ouzzani \u2013 Ville Nouvelle, Safi, Maroc Remplissez le formulaire Your email address will not be published. Required fields are marked * Send Us\" \/>\n<meta property=\"og:url\" content=\"https:\/\/studentmalagueta.com\/index.php\/contact\/\" \/>\n<meta property=\"og:site_name\" content=\"Student Malagueta\" \/>\n<meta property=\"article:modified_time\" content=\"2025-10-18T13:39:39+00:00\" \/>\n<meta property=\"og:image\" content=\"https:\/\/studentmalagueta.com\/php_assets\/uploads\/2024\/09\/contact-1.jpg\" \/>\n\t<meta property=\"og:image:width\" content=\"550\" \/>\n\t<meta property=\"og:image:height\" content=\"195\" \/>\n\t<meta property=\"og:image:type\" content=\"image\/jpeg\" \/>\n<meta name=\"twitter:card\" content=\"summary_large_image\" \/>\n<script type=\"application\/ld+json\" class=\"yoast-schema-graph\">{\"@context\":\"https:\/\/schema.org\",\"@graph\":[{\"@type\":\"WebPage\",\"@id\":\"https:\/\/studentmalagueta.com\/index.php\/contact\/\",\"url\":\"https:\/\/studentmalagueta.com\/index.php\/contact\/\",\"name\":\"Contact - Student Malagueta\",\"isPartOf\":{\"@id\":\"https:\/\/studentmalagueta.com\/#website\"},\"primaryImageOfPage\":{\"@id\":\"https:\/\/studentmalagueta.com\/index.php\/contact\/#primaryimage\"},\"image\":{\"@id\":\"https:\/\/studentmalagueta.com\/index.php\/contact\/#primaryimage\"},\"thumbnailUrl\":\"https:\/\/studentmalagueta.com\/php_assets\/uploads\/2024\/09\/contact-1.jpg\",\"datePublished\":\"2024-09-24T10:26:06+00:00\",\"dateModified\":\"2025-10-18T13:39:39+00:00\",\"breadcrumb\":{\"@id\":\"https:\/\/studentmalagueta.com\/index.php\/contact\/#breadcrumb\"},\"inLanguage\":\"fr-FR\",\"potentialAction\":[{\"@type\":\"ReadAction\",\"target\":[\"https:\/\/studentmalagueta.com\/index.php\/contact\/\"]}]},{\"@type\":\"ImageObject\",\"inLanguage\":\"fr-FR\",\"@id\":\"https:\/\/studentmalagueta.com\/index.php\/contact\/#primaryimage\",\"url\":\"https:\/\/studentmalagueta.com\/php_assets\/uploads\/2024\/09\/contact-1.jpg\",\"contentUrl\":\"https:\/\/studentmalagueta.com\/php_assets\/uploads\/2024\/09\/contact-1.jpg\",\"width\":550,\"height\":195},{\"@type\":\"BreadcrumbList\",\"@id\":\"https:\/\/studentmalagueta.com\/index.php\/contact\/#breadcrumb\",\"itemListElement\":[{\"@type\":\"ListItem\",\"position\":1,\"name\":\"Accueil\",\"item\":\"https:\/\/studentmalagueta.com\/\"},{\"@type\":\"ListItem\",\"position\":2,\"name\":\"Contact\"}]},{\"@type\":\"WebSite\",\"@id\":\"https:\/\/studentmalagueta.com\/#website\",\"url\":\"https:\/\/studentmalagueta.com\/\",\"name\":\"Student Malagueta\",\"description\":\"\",\"potentialAction\":[{\"@type\":\"SearchAction\",\"target\":{\"@type\":\"EntryPoint\",\"urlTemplate\":\"https:\/\/studentmalagueta.com\/?s={search_term_string}\"},\"query-input\":{\"@type\":\"PropertyValueSpecification\",\"valueRequired\":true,\"valueName\":\"search_term_string\"}}],\"inLanguage\":\"fr-FR\"}]}<\/script>\n<!-- \/ Yoast SEO plugin. -->","yoast_head_json":{"title":"Contact - Student Malagueta","robots":{"index":"index","follow":"follow","max-snippet":"max-snippet:-1","max-image-preview":"max-image-preview:large","max-video-preview":"max-video-preview:-1"},"canonical":"https:\/\/studentmalagueta.com\/index.php\/contact\/","og_locale":"fr_FR","og_type":"article","og_title":"Contact - Student Malagueta","og_description":"Rester en contact Contactez-nous STUDENT MALAGUETA est une soci\u00e9t\u00e9 marocaine au statut juridique S.A.R.L situ\u00e9e \u00e0 Safi, Maroc Appel \u00e0 enqu\u00eate +212 605-108782 Envoyez-nous un e-mail contact@studentmalagueta.com Location \u00c9tage 3, N\u00b009, Immeuble Ouzzani \u2013 Ville Nouvelle, Safi, Maroc Remplissez le formulaire Your email address will not be published. Required fields are marked * Send Us","og_url":"https:\/\/studentmalagueta.com\/index.php\/contact\/","og_site_name":"Student Malagueta","article_modified_time":"2025-10-18T13:39:39+00:00","og_image":[{"width":550,"height":195,"url":"https:\/\/studentmalagueta.com\/php_assets\/uploads\/2024\/09\/contact-1.jpg","type":"image\/jpeg"}],"twitter_card":"summary_large_image","schema":{"@context":"https:\/\/schema.org","@graph":[{"@type":"WebPage","@id":"https:\/\/studentmalagueta.com\/index.php\/contact\/","url":"https:\/\/studentmalagueta.com\/index.php\/contact\/","name":"Contact - Student Malagueta","isPartOf":{"@id":"https:\/\/studentmalagueta.com\/#website"},"primaryImageOfPage":{"@id":"https:\/\/studentmalagueta.com\/index.php\/contact\/#primaryimage"},"image":{"@id":"https:\/\/studentmalagueta.com\/index.php\/contact\/#primaryimage"},"thumbnailUrl":"https:\/\/studentmalagueta.com\/php_assets\/uploads\/2024\/09\/contact-1.jpg","datePublished":"2024-09-24T10:26:06+00:00","dateModified":"2025-10-18T13:39:39+00:00","breadcrumb":{"@id":"https:\/\/studentmalagueta.com\/index.php\/contact\/#breadcrumb"},"inLanguage":"fr-FR","potentialAction":[{"@type":"ReadAction","target":["https:\/\/studentmalagueta.com\/index.php\/contact\/"]}]},{"@type":"ImageObject","inLanguage":"fr-FR","@id":"https:\/\/studentmalagueta.com\/index.php\/contact\/#primaryimage","url":"https:\/\/studentmalagueta.com\/php_assets\/uploads\/2024\/09\/contact-1.jpg","contentUrl":"https:\/\/studentmalagueta.com\/php_assets\/uploads\/2024\/09\/contact-1.jpg","width":550,"height":195},{"@type":"BreadcrumbList","@id":"https:\/\/studentmalagueta.com\/index.php\/contact\/#breadcrumb","itemListElement":[{"@type":"ListItem","position":1,"name":"Accueil","item":"https:\/\/studentmalagueta.com\/"},{"@type":"ListItem","position":2,"name":"Contact"}]},{"@type":"WebSite","@id":"https:\/\/studentmalagueta.com\/#website","url":"https:\/\/studentmalagueta.com\/","name":"Student Malagueta","description":"","potentialAction":[{"@type":"SearchAction","target":{"@type":"EntryPoint","urlTemplate":"https:\/\/studentmalagueta.com\/?s={search_term_string}"},"query-input":{"@type":"PropertyValueSpecification","valueRequired":true,"valueName":"search_term_string"}}],"inLanguage":"fr-FR"}]}},"_links":{"self":[{"href":"https:\/\/studentmalagueta.com\/index.php\/wp-json\/wp\/v2\/pages\/1326","targetHints":{"allow":["GET"]}}],"collection":[{"href":"https:\/\/studentmalagueta.com\/index.php\/wp-json\/wp\/v2\/pages"}],"about":[{"href":"https:\/\/studentmalagueta.com\/index.php\/wp-json\/wp\/v2\/types\/page"}],"author":[{"embeddable":true,"href":"https:\/\/studentmalagueta.com\/index.php\/wp-json\/wp\/v2\/users\/1"}],"replies":[{"embeddable":true,"href":"https:\/\/studentmalagueta.com\/index.php\/wp-json\/wp\/v2\/comments?post=1326"}],"version-history":[{"count":8,"href":"https:\/\/studentmalagueta.com\/index.php\/wp-json\/wp\/v2\/pages\/1326\/revisions"}],"predecessor-version":[{"id":1625,"href":"https:\/\/studentmalagueta.com\/index.php\/wp-json\/wp\/v2\/pages\/1326\/revisions\/1625"}],"wp:attachment":[{"href":"https:\/\/studentmalagueta.com\/index.php\/wp-json\/wp\/v2\/media?parent=1326"}],"curies":[{"name":"wp","href":"https:\/\/api.w.org\/{rel}","templated":true}]}}